{"version":"1.0","provider_name":"NIM Europe","provider_url":"https:\/\/nimeurope.com\/en\/","title":"(Fran\u00e7ais) R\u00e9organisation d\u2019une entreprise avec le management de transition | NIM Europe - NIM Europe","type":"rich","width":600,"height":338,"html":"<blockquote class=\"wp-embedded-content\" data-secret=\"2QanoBo6NR\"><a href=\"https:\/\/nimeurope.com\/en\/reorganisation-interne-management-de-transition-nim-europe\/\">(Fran\u00e7ais) R\u00e9organisation d\u2019une entreprise avec le management de transition  | NIM Europe<\/a><\/blockquote><iframe sandbox=\"allow-scripts\" security=\"restricted\" src=\"https:\/\/nimeurope.com\/en\/reorganisation-interne-management-de-transition-nim-europe\/embed\/#?secret=2QanoBo6NR\" width=\"600\" height=\"338\" title=\"&#8220;(Fran\u00e7ais) R\u00e9organisation d\u2019une entreprise avec le management de transition  | NIM Europe&#8221; &#8212; NIM Europe\" data-secret=\"2QanoBo6NR\" frameborder=\"0\" marginwidth=\"0\" marginheight=\"0\" scrolling=\"no\" class=\"wp-embedded-content\"><\/iframe><script>\n\/*! This file is auto-generated *\/\n!function(d,l){\"use strict\";l.querySelector&&d.addEventListener&&\"undefined\"!=typeof URL&&(d.wp=d.wp||{},d.wp.receiveEmbedMessage||(d.wp.receiveEmbedMessage=function(e){var t=e.data;if((t||t.secret||t.message||t.value)&&!\/[^a-zA-Z0-9]\/.test(t.secret)){for(var s,r,n,a=l.querySelectorAll('iframe[data-secret=\"'+t.secret+'\"]'),o=l.querySelectorAll('blockquote[data-secret=\"'+t.secret+'\"]'),c=new RegExp(\"^https?:$\",\"i\"),i=0;i<o.length;i++)o[i].style.display=\"none\";for(i=0;i<a.length;i++)s=a[i],e.source===s.contentWindow&&(s.removeAttribute(\"style\"),\"height\"===t.message?(1e3<(r=parseInt(t.value,10))?r=1e3:~~r<200&&(r=200),s.height=r):\"link\"===t.message&&(r=new URL(s.getAttribute(\"src\")),n=new URL(t.value),c.test(n.protocol))&&n.host===r.host&&l.activeElement===s&&(d.top.location.href=t.value))}},d.addEventListener(\"message\",d.wp.receiveEmbedMessage,!1),l.addEventListener(\"DOMContentLoaded\",function(){for(var e,t,s=l.querySelectorAll(\"iframe.wp-embedded-content\"),r=0;r<s.length;r++)(t=(e=s[r]).getAttribute(\"data-secret\"))||(t=Math.random().toString(36).substring(2,12),e.src+=\"#?secret=\"+t,e.setAttribute(\"data-secret\",t)),e.contentWindow.postMessage({message:\"ready\",secret:t},\"*\")},!1)))}(window,document);\n\/\/# sourceURL=https:\/\/nimeurope.com\/wp-includes\/js\/wp-embed.min.js\n<\/script>\n","description":"Face aux mutations \u00e9conomiques et sociales, les entreprises doivent sans cesse renouveler leurs activit\u00e9s et leur organisation de travail. R\u00e9organiser une entreprise en interne n\u00e9cessite des comp\u00e9tences sp\u00e9cifiques, que bien souvent les dirigeants n\u2019ont pas.","thumbnail_url":"https:\/\/nimeurope.com\/wp-content\/uploads\/2019\/05\/nim_logo_m-min.jpg","thumbnail_width":"600","thumbnail_height":"300"}

(Français) Réorganisation d’une entreprise avec le management de transition | NIM Europe - NIM Europe

<blockquote class="wp-embedded-content" data-secret="2QanoBo6NR"><a href="https://nimeurope.com/en/reorganisation-interne-management-de-transition-nim-europe/">(Français) Réorganisation d’une entreprise avec le management de transition  | NIM Europe</a></blockquote><iframe sandbox="allow-scripts" security="restricted" src="https://nimeurope.com/en/reorganisation-interne-management-de-transition-nim-europe/embed/#?secret=2QanoBo6NR" width="600" height="338" title="&#8220;(Français) Réorganisation d’une entreprise avec le management de transition  | NIM Europe&#8221; &#8212; NIM Europe" data-secret="2QanoBo6NR" frameborder="0" marginwidth="0" marginheight="0" scrolling="no" class="wp-embedded-content"></iframe><script>
/*! This file is auto-generated */
!function(d,l){"use strict";l.querySelector&&d.addEventListener&&"undefined"!=typeof URL&&(d.wp=d.wp||{},d.wp.receiveEmbedMessage||(d.wp.receiveEmbedMessage=function(e){var t=e.data;if((t||t.secret||t.message||t.value)&&!/[^a-zA-Z0-9]/.test(t.secret)){for(var s,r,n,a=l.querySelectorAll('iframe[data-secret="'+t.secret+'"]'),o=l.querySelectorAll('blockquote[data-secret="'+t.secret+'"]'),c=new RegExp("^https?:$","i"),i=0;i<o.length;i++)o[i].style.display="none";for(i=0;i<a.length;i++)s=a[i],e.source===s.contentWindow&&(s.removeAttribute("style"),"height"===t.message?(1e3<(r=parseInt(t.value,10))?r=1e3:~~r<200&&(r=200),s.height=r):"link"===t.message&&(r=new URL(s.getAttribute("src")),n=new URL(t.value),c.test(n.protocol))&&n.host===r.host&&l.activeElement===s&&(d.top.location.href=t.value))}},d.addEventListener("message",d.wp.receiveEmbedMessage,!1),l.addEventListener("DOMContentLoaded",function(){for(var e,t,s=l.querySelectorAll("iframe.wp-embedded-content"),r=0;r<s.length;r++)(t=(e=s[r]).getAttribute("data-secret"))||(t=Math.random().toString(36).substring(2,12),e.src+="#?secret="+t,e.setAttribute("data-secret",t)),e.contentWindow.postMessage({message:"ready",secret:t},"*")},!1)))}(window,document);
//# sourceURL=https://nimeurope.com/wp-includes/js/wp-embed.min.js
</script>

Face aux mutations économiques et sociales, les entreprises doivent sans cesse renouveler leurs activités et leur organisation de travail. Réorganiser une entreprise en interne nécessite des compétences spécifiques, que bien souvent les dirigeants n’ont pas.
